2495 composite?
True
Is 7907 a prime number?
True
Is 7613 a composite number?
True
Is 335323 composite?
False
Is 5737 composite?
False
Is 4309 a composite number?
True
Is 99377 a prime number?
True
Is 673 prime?
True
Is 2629 composite?
True
Is 5981 prime?
True
Is 11393 composite?
False
Is 269755 prime?
False
Is 626131 prime?
False
Is 523007 composite?
False
Is 19139 prime?
True
Is 6947 composite?
False
Is 134789 composite?
False
Is 20363 composite?
True
Is 50459 a composite number?
False
Is 207709 a prime number?
True
Is 29917 composite?
False
Is 9103 prime?
True
Is 99001 prime?
False
Is 99635 composite?
True
Is 14009 a composite number?
False
Is 19799 a composite number?
True
Is 20039 composite?
True
Is 2627 a prime number?
False
Is 681 a prime number?
False
Is 11671 a prime number?
False
Is 27479 a prime number?
True
Is 828367 prime?
False
Is 110089 a prime number?
False
Is 14815 composite?
True
Is 20021 composite?
False
Is 1741963 composite?
True
Is 44771 a composite number?
False
Is 71141 a composite number?
True
Is 12515 prime?
False
Is 2237 a composite number?
False
Is 243769 prime?
True
Is 165887 a composite number?
False
Is 1711859 prime?
True
Is 12451 a composite number?
False
Is 59497 prime?
True
Is 679682 prime?
False
Is 35539 a prime number?
False
Is 30523 prime?
False
Is 302 a prime number?
False
Is 59219 a composite number?
False
Is 8173 a composite number?
True
Is 251143 a prime number?
True
Is 291 composite?
True
Is 60773 a composite number?
False
Is 11771 prime?
False
Is 1049 composite?
False
Is 21941 a composite number?
True
Is 153397 prime?
False
Is 66001 prime?
False
Is 967111 prime?
True
Is 5837 prime?
False
Is 97367 prime?
True
Is 391889 prime?
True
Is 255379 a prime number?
False
Is 122641 composite?
True
Is 34229 a prime number?
False
Is 826435 composite?
True
Is 175177 a composite number?
True
Is 7121 composite?
False
Is 17291 a prime number?
True
Is 110419 a prime number?
True
Is 2400041 prime?
False
Is 6739 a prime number?
False
Is 17211 prime?
False
Is 834131 a prime number?
True
Is 13367 prime?
True
Is 51971 a composite number?
False
Is 36193 prime?
False
Is 108305 composite?
True
Is 206147 a composite number?
True
Is 61315 composite?
True
Is 64399 composite?
False
Is 123691 a prime number?
False
Is 57935 prime?
False
Is 7507 composite?
False
Is 16787 a prime number?
True
Is 4054 prime?
False
Is 21079 composite?
True
Is 534119 a composite number?
True
Is 1488489 prime?
False
Is 18101 a prime number?
False
Is 42022 prime?
False
Is 225413 a composite number?
True
Is 637627 prime?
True
Is 665153 a composite number?
False
Is 541906 composite?
True
Is 12961 a composite number?
True
Is 804803 prime?
True
Is 1981 a composite number?
True
Is 11243 prime?
True
Is 840589 prime?
True
Is 1583 a prime number?
True
Is 27361 composite?
False
Is 482629 a composite number?
True
Is 111173 a composite number?
True
Is 4989 composite?
True
Is 64795 a prime number?
False
Is 32405 prime?
False
Is 44249 composite?
False
Is 72951 prime?
False
Is 6823 a prime number?
True
Is 18419 prime?
False
Is 75689 prime?
True
Is 12599 prime?
False
Is 1755487 prime?
True
Is 237997 a prime number?
True
Is 8057 prime?
False
Is 16649 a composite number?
False
Is 20593 prime?
True
Is 1721563 prime?
False
Is 6007 a composite number?
False
Is 161533 a composite number?
True
Is 383293 prime?
False
Is 224987 a composite number?
True
Is 39803 prime?
False
Is 7069 composite?
False
Is 126001 a prime number?
True
Is 1471 prime?
True
Is 27581 prime?
True
Is 25561 composite?
False
Is 2471 a prime number?
False
Is 2105 a composite number?
True
Is 33753 prime?
False
Is 1037029 composite?
True
Is 16183 a prime number?
True
Is 622929 composite?
True
Is 5059 composite?
False
Is 1559 a composite number?
False
Is 104821 a composite number?
True
Is 367 composite?
False
Is 563593 composite?
False
Is 422857 a prime number?
True
Is 4327 composite?
False
Is 1473 a composite number?
True
Is 319909 prime?
False
Is 31547 composite?
False
Is 26665 a composite number?
True
Is 11369 a prime number?
True
Is 17653 composite?
True
Is 27179 prime?
True
Is 141861 a composite number?
True
Is 20089 prime?
True
Is 250169 a prime number?
True
Is 114343 a composite number?
False
Is 66169 a prime number?
True
Is 845347 composite?
False
Is 168013 a composite number?
False
Is 19571 a prime number?
True
Is 506251 a composite number?
False
Is 12813 a prime number?
False
Is 11549 composite?
False
Is 446033 prime?
False
Is 40609 prime?
True
Is 1485101 prime?
True
Is 164155 a composite number?
True
Is 15047 a composite number?
True
Is 184099 prime?
False
Is 18899 prime?
True
Is 36097 a composite number?
False
Is 72337 a prime number?
True
Is 112137 composite?
True
Is 12071 prime?
True
Is 93683 a composite number?
False
Is 3647 a prime number?
False
Is 1487905 a prime number?
False
Is 96779 composite?
False
Is 1818397 a prime number?
False
Is 39251 a prime number?
True
Is 14257 composite?
True
Is 13033 a composite number?
False
Is 7993 composite?
False
Is 210445 prime?
False
Is 49481 composite?
False
Is 7199 composite?
True
Is 770258 a prime number?
False
Is 1224673 prime?
True
Is 11983 composite?
True
Is 4831 a prime number?
True
Is 15353 a composite number?
True
Is 398057 prime?
False
Is 6218 composite?
True
Is 97771 composite?
False
Is 19466 prime?
False
Is 1731859 a composite number?
True
Is 86783 a composite number?
False
Is 33043 composite?
True
Is 128561 a composite number?
True
Is 438913 prime?
True
Is 34042 prime?
False
Is 259069 composite?
True
Is 55747 a prime number?
False
Is 220519 a prime number?
False
Is 42533 prime?
True
Is 55283 a prime number?
False
Is 46301 composite?
False
Is 19163 a composite number?
False
Is 894089 prime?
False
Is 9107 a prime number?
False
Is 472415 prime?
False
Is 995129 composite?
True
Is 491581 composite?
False
Is 137589 composite?
True
Is 18779 a prime number?
False
Is 640019 a composite number?
False
Is 468583 a prime number?
False
Is 55951 a composite number?
True
Is 159563 prime?
True
Is 57557 prime?
True
Is 1727 a composite number?
True
Is 851 composite?
True
Is 47033 a prime number?
False
Is 783677 prime?
True
Is 106163 prime?
True
Is 13479 a prime number?
False
Is 6247 composite?
False
Is 15727 prime?
True
Is 228299 prime?
True
Is 867827 composite?
False
Is 1204121 a composite number?
True
Is 57367 a prime number?
True
Is 1529357 composite?
False
Is 43685 a composite number?
True
Is 67681 composite?
True
Is 311 composite?
False
Is 171967 prime?
False
Is 1591 a composite number?
True
Is 1765663 a composite number?
True
Is 353527 composite?
False
Is 39709 a prime number?
True
Is 7103 composite?
False
Is 641 a composite number?
False
Is 35381 a prime number?
True
Is 172915 a composite number?
True
Is 366527 a prime number?
False
Is 35681 a composite number?
True
Is 3957 prime?
False
Is 125699 composite?
True
Is 4583 prime?
True
Is 3686281 a prime number?
False
Is 283949 prime?
True
Is 123 prime?
False
Is 1070753 composite?
False
Is 116989 a composite number?
False
Is 93007 prime?
False
Is 2149 a composite number?
True
Is 291 prime?
False
Is 4957 a composite number?
False
Is 40609 composite?
False
Is 404099 composite?
False
Is 134167 a prime number?
False
Is 17651 a composite number?
True
Is 8857 a prime number?
False
Is 402923 composite?
False
Is 4443 composite?
True
Is 12703 prime?
True
Is 77929 prime?
True
Is 6199981 composite?
False
Is 27689 a prime number?
True
Is 99283 prime?
False
Is 104243 prime?
True
Is 4783 a prime number?
True
Is 167537 a prime number?
True
Is 41281 a prime number?
True
Is 82163 composite?
False
Is 17503 prime?
False
Is 653 composite?
False
Is 3658711 prime?
False
Is 52769 composite?
False
Is 266153 a composite number?
False
Is 121039 a composite number?
False
Is 3343 prime?
True
Is 6211 a composite number?
False
Is 559801 prime?
False
Is 230267 a prime number?
False
Is 71693 composite?
False
Is 8501 a prime number?
True
Is 1035163 prime?
True
Is 1642997 a prime number?
True
Is 31121 a composite number?
False
Is 7997 prime?
False
Is 169063 prime?
True
Is 52237 a prime number?
True
Is 71537 prime?
True
Is 12767 composite?
True
Is 21269 composite?
False
Is 1311991 a prime number?
True
Is 24611 a composite number?
False
Is 14986